{"id":474,"date":"2020-09-11T23:02:19","date_gmt":"2020-09-11T21:02:19","guid":{"rendered":"https:\/\/hatikva.de\/schlussstrich\/?page_id=474"},"modified":"2020-09-15T10:29:59","modified_gmt":"2020-09-15T08:29:59","slug":"der-konstante-bodensatz","status":"publish","type":"page","link":"https:\/\/hatikva.de\/schlussstrich\/themenbereiche-nach-15-9-2020\/antisemitismus-in-alltag-und-sprache\/der-konstante-bodensatz\/","title":{"rendered":"&#8222;Der konstante Bodensatz&#8220;"},"content":{"rendered":"\n<h1>Die Allt\u00e4glichkeit des Antisemitismus<\/h1>\n\n\n\n<blockquote class=\"wp-block-quote\"><p>&#8222;Nicht die Erfahrung schafft den Begriff des Juden, sondern das Vorurteil<br>f\u00e4lscht die Erfahrung. Wenn es keinen Juden g\u00e4be, der Antisemit wu\u0308rde<br>ihn erfinden.&#8220;<\/p><cite>Jean-Paul Sartre, 1973<\/cite><\/blockquote>\n\n\n\n<h2>Fachliche Einfu\u0308hrung<\/h2>\n\n\n\n<p>Antisemitismus richtet sich gegen ju\u0308dische und nichtju\u0308dische Individuen, Institutionen und bestehende sowie konstruierte Gruppen. Dabei geht Antisemitismus mit rein fiktiven Stereotypen, Fremdzuschreibungen und Gruppenkonstruktionen einher. Antisemitismus hat daher nichts mit Juden selbst oder ihrem Verhalten zu tun, sondern vielmehr mit einer imagin\u00e4ren Vorstellung von &#8222;den Juden&#8220;. Eine wichtige Frage ist daher: Welche Funktionen erfu\u0308llt der Antisemitismus fu\u0308r den Antisemiten bzw. fu\u0308r den, der sein Handeln mittels antisemitischer Denkmuster und Erkl\u00e4rungen begru\u0308ndet?<\/p>\n\n\n\n<p>Antisemitismus dient, \u00e4hnlich wie Verschw\u00f6rungsideologien generell, oft folgenden Funktionen:<\/p>\n\n\n\n<p>Sinnstiftungs- und Erkenntnisfunktion:<br>Den komplexen, fu\u0308r den einzelnen Menschen oft nicht zu u\u0308berblickenden und g\u00e4nzlich zu verstehenden gesellschaftlichen Prozessen und Ereignissen wird eine einfache Welterkl\u00e4rung von Gut gegen B\u00f6se entgegengesetzt. Menschlichem Leid sowie eigenen negativen Erfahrungen, Versagen und unbefriedigenden Situationen wird ein Sinn gegeben und gegebenenfalls dafu\u0308r bereits ein Schuldiger pr\u00e4sentiert.<\/p>\n\n\n\n<p>Identit\u00e4tsfunktion:<br>Durch die Konstruktion und Gegenu\u0308berstellung von Selbst- und Fremdgruppen sowie die Abwertung dieser Fremdgruppen bzw. die negativen Zuschreibungen an diese werden das eigene Selbstbild bzw. die eigene Gruppe aufgewertet.<\/p>\n\n\n\n<p>Sowie: Kompensation eigener Ausgrenzungserfahrungen, Legitimation des eigenen Handelns (vor allem im Zusammenhang mit der Gegenu\u0308berstellung Gut gegen B\u00f6se) und Beeinflussung anderer Menschen (zum Beispiel durch Pr\u00e4sentation eines Su\u0308ndenbocks).<\/p>\n\n\n\n<p>Antisemitische Vorstellungen, Ressentiments und Erkl\u00e4rungsmuster schlagen sich in konkreten Handlungen bis hin zu Straftaten nieder. Diese Handlungen kommen allt\u00e4glich und in fast allen sozialen Milieus vor.<\/p>\n\n\n\n<p><strong>Ziele:<\/strong><\/p>\n\n\n\n<ul><li>Die Teilnehmenden sind sensibilisiert fu\u0308r Antisemitismus als ein aktuelles, allt\u00e4gliches und gesamtgesellschaftliches Ph\u00e4nomen.<\/li><li>Die Teilnehmenden bekommen einen Einblick in die Funktionen und Charakteristika von antisemitischen Erkl\u00e4rungsmustern, Denk- und Verhaltensweisen und setzen sich damit auseinander.<\/li><li>Die Teilnehmenden setzen sich mit Alternativen zu solchen Denkweisen auseinander und werden in der Auseinandersetzung mit antisemitischen Erkl\u00e4rungsmustern sowie hinsichtlich der Selbstreflexion gest\u00e4rkt.<\/li><\/ul>\n\n\n\n<p><strong>Kurzablauf:<\/strong><\/p>\n\n\n\n<table id=\"tablepress-13\" class=\"tablepress tablepress-id-13\">\n<thead>\n<tr class=\"row-1 odd\">\n\t<th class=\"column-1\">Ablauf<\/th><th class=\"column-2\">Methode<\/th><th class=\"column-3\">Material<\/th><th class=\"column-4\">Zeitumfang<\/th>\n<\/tr>\n<\/thead>\n<tbody class=\"row-hover\">\n<tr class=\"row-2 even\">\n\t<td class=\"column-1\">Beispiele von antisemitischen Handlungen und \u00c4u\u00dferungen<\/td><td class=\"column-2\">Fragend-entwickelnde Methode<br \/>\n<br \/>\nAlternativ: Gruppenarbeit<\/td><td class=\"column-3\">Beamer\/Arbeitsbl\u00e4tter<br \/>\nFlipchart\/Tafel<\/td><td class=\"column-4\">25 Minuten<\/td>\n<\/tr>\n<tr class=\"row-3 odd\">\n\t<td class=\"column-1\">Rekapitulation<\/td><td class=\"column-2\">Fragend-entwickelnde Methode<br \/>\n<br \/>\nAlternativ: Gruppenarbeit<\/td><td class=\"column-3\">Flipchart\/Tafel<\/td><td class=\"column-4\">20 Minuten<\/td>\n<\/tr>\n<tr class=\"row-4 even\">\n\t<td class=\"column-1\">Abschluss<br \/>\nAlternativen des Handelns<\/td><td class=\"column-2\">Fragend-entwickelnde Methode<br \/>\n<br \/>\nAlternativ: Gruppenarbeit<\/td><td class=\"column-3\">Flipchart\/Tafel<\/td><td class=\"column-4\">15 Minuten<\/td>\n<\/tr>\n<\/tbody>\n<\/table>\n<!-- #tablepress-13 from cache -->\n\n\n\n<p><strong>Ablauf:<\/strong><\/p>\n\n\n\n<p>1) Pr\u00e4sentieren Sie mehrere Beispiele fu\u0308r antisemitisch motivierte Handlungen oder Straftaten. Im Anhang finden sich mehrere aufbereitete F\u00e4lle, die Sie gern verwenden k\u00f6nnen.<\/p>\n\n\n\n<p>Fu\u0308hren Sie bei jedem einzelnen Beispiel folgenden Ablauf durch und halten Sie die Ergebnisse fu\u0308r alle sichtbar fest, zum Beispiel als Tabelle an einer Tafel bzw. einem Flipchart. Wichtig: Lassen Sie sich offen, eine vierte Spalte hinzuzufu\u0308gen, bzw. bereiten Sie diese Spalte unbenannt vor.<\/p>\n\n\n\n<ol><li>Lassen Sie das Beispiel vorlesen. Grunds\u00e4tzlich ist hier auch Gruppenarbeit m\u00f6glich. Teilen Sie dann die Beispiele auf die Gruppen auf und lassen Sie die Fragen in den Gruppen bearbeiten. Sammeln Sie abschlie\u00dfend die Ergebnisse gut sichtbar fu\u0308r alle Teilnehmenden.<\/li><li>Fragen Sie nach der Tat, also danach, was konkret passiert ist, und halten Sie die Antwort fest.<\/li><li>Fragen Sie nach dem Motiv des T\u00e4ters\/Handelnden: Warum hat er die Tat<br>begangen? Wie rechtfertigt er selbst die Tat? Halten Sie die Antwort fest.<\/li><li>Fragen Sie danach, welche Funktion die Tat fu\u0308r den T\u00e4ter erfu\u0308llt\/erfu\u0308llen k\u00f6nnte: Welche Bedu\u0308rfnisse des T\u00e4ters werden dadurch erfu\u0308llt? Was bringt die Tat dem T\u00e4ter? Halten Sie die Antwort fest.<\/li><li>Verfahren Sie mit dem n\u00e4chsten Beispiel genauso etc.<\/li><\/ol>\n\n\n\n<p>Beispiel fu\u0308r die Tabelle:<\/p>\n\n\n\n<table id=\"tablepress-14\" class=\"tablepress tablepress-id-14\">\n<thead>\n<tr class=\"row-1 odd\">\n\t<th class=\"column-1\">Tat\/Was ist passiert?<\/th><th class=\"column-2\">Motiv des T\u00e4ters<\/th><th class=\"column-3\">Funktion der Tat<\/th><th class=\"column-4\"><em>Alternative M\u00f6glichkeiten fu\u0308r die Funktion (zun\u00e4chst verdeckt)<\/em><\/th>\n<\/tr>\n<\/thead>\n<tbody class=\"row-hover\">\n<tr class=\"row-2 even\">\n\t<td class=\"column-1\"><em>Beispiel:<br \/>\nMolotowcocktails auf die Wuppertaler Synagoge<\/em><\/td><td class=\"column-2\"><em>T\u00e4ter wollten auf Politik Israels aufmerksam machen (Aussage der T\u00e4ter)<\/em><\/td><td class=\"column-3\"><em>Zusammenhang mit Nahostkonflikt;<br \/>\nGleichsetzung: Israelis = Juden;<br \/>\nSinnstiftungs-\/ Erkenntnisfunktion<br \/>\n(Israel = Feind; Ju\u0308dische Gemeinde als Stellvertreter)<\/em><\/td><td class=\"column-4\"><em>Andere M\u00f6glichkeiten, auf Nahostkonflikt und empfundene Ungerechtigkeiten hinzuweisen (Diskussion; Flyer; Demo)<\/em><\/td>\n<\/tr>\n<tr class=\"row-3 odd\">\n\t<td class=\"column-1\"><\/td><td class=\"column-2\"><\/td><td class=\"column-3\"><\/td><td class=\"column-4\"><\/td>\n<\/tr>\n<tr class=\"row-4 even\">\n\t<td class=\"column-1\"><\/td><td class=\"column-2\"><\/td><td class=\"column-3\"><\/td><td class=\"column-4\"><\/td>\n<\/tr>\n<\/tbody>\n<\/table>\n<!-- #tablepress-14 from cache -->\n\n\n\n<p class=\"has-text-align-right\"><i class=\"far fa-clock\"><\/i> 25 Minuten<\/p>\n\n\n\n<p>2) Rekapitulation:<\/p>\n\n\n\n<p>Lassen Sie die Ergebnisse zu den Funktionen und Motiven zusammenfassen und fragen Sie nach wiederkehrenden Motiven. Folgende Sachverhalte sollten dabei deutlich werden und zumindest nochmals thematisiert werden:<\/p>\n\n\n\n<ul><li>Antisemitische Vorf\u00e4lle stehen oft im Zusammenhang mit der Erinnerung an den Holocaust und\/oder mit dem Nahostkonflikt.<\/li><li>Antisemitische Handlungen\/Straftaten erfu\u0308llen oft eine Identit\u00e4tsfunktion (Selbstbild, Fremdbild, Wir-Gruppe, Die-Gruppe; Aufwertung der eigenen Gruppe; Abwertung der anderen Gruppe).<\/li><li>Antisemitische Handlungen\/Straftaten erfu\u0308llen oft eine Sinnstiftungs- und Erkenntnisfunktion (einfache Welterkl\u00e4rung: Gut gegen B\u00f6se; &#8222;Das Leid hat einen Sinn&#8220;; Suche nach Schuldigen fu\u0308r negative Erfahrungen, Situationen oder eigenes Versagen).<\/li><li>Antisemitische Handlungen\/Straftaten dienen oft dazu, eigene Ausgrenzungserfahrungen des T\u00e4ters zu kompensieren.<\/li><li>Antisemitische Vorurteile\/Ressentiments\/Weltbilder dienen oft der Rechtfertigung von Taten (Legitimit\u00e4tsfunktion).<\/li><\/ul>\n\n\n\n<p class=\"has-cyan-bluish-gray-background-color has-background\">Sie mu\u0308ssen nicht zwangsl\u00e4ufig alle Funktionen thematisieren. Es ist besser, mit dem zu arbeiten, was von den Teilnehmenden erkannt und geliefert wird. Eventuell werden auch andere Motive\/Funktionen herausgearbeitet. Seien Sie dafu\u0308r offen.<\/p>\n\n\n\n<p>Fragen Sie nach den T\u00e4tern: Gibt es Gemeinsamkeiten? Gibt es einen typischen T\u00e4ter?<br>\u2192 Es sollte deutlich werden, dass Antisemitismus in den verschiedensten sozialen Milieus verankert ist.<\/p>\n\n\n\n<p>Fragen Sie nach den Opfern: Gibt es Gemeinsamkeiten? Gibt es das typische Opfer?<br>\u2192 Es sollte deutlich werden, dass sowohl Juden als auch Nichtjuden von Antisemitismus betroffen sind.<\/p>\n\n\n\n<p class=\"has-text-align-right\"><i class=\"far fa-clock\"><\/i> 20 Minuten<\/p>\n\n\n\n<p>Zum Schluss k\u00f6nnen Sie nach Alternativen fragen, die den T\u00e4tern offenstanden, um die Funktionen, welche die Tat fu\u0308r sie erfu\u0308llte, ebenfalls zu erfu\u0308llen, zum Beispiel ohne dabei Straftaten zu begehen. Tragen Sie die genannten Alternativen ebenfalls in die Tabelle ein.<\/p>\n\n\n\n<p>Beispiele:<\/p>\n\n\n\n<p><em>Man k\u00f6nnte zum Beispiel daru\u0308ber diskutieren, ob es nicht besser ist, die Welt als komplexe Welt anzuerkennen sowie die eigenen Verantwortlichkeiten zu erkennen, vernu\u0308nftige Handlungsweisen zu entwickeln und damit wirkungsm\u00e4chtiger in der Welt zu sein, als nach einfachen Welterkl\u00e4rungen zu suchen.<br>Es k\u00f6nnte zum Beispiel der bessere Weg sein, u\u0308ber eigene Ausgrenzungserfahrungen zu reden und sich auszutauschen, als diese durch die Ausgrenzung anderer zu kompensieren.<\/em><\/p>\n\n\n\n<p class=\"has-text-align-right\"><i class=\"far fa-clock\"><\/i> 15 Minuten<\/p>\n\n\n\n<p><strong>Anhang \u2013 Beispiele von antisemitischen Handlungen und \u00c4u\u00dferungen<\/strong><\/p>\n\n\n\n<p><strong>a) Wuppertal: M\u00e4nner werfen Molotowcocktails auf Synagoge<\/strong><\/p>\n\n\n\n<p>Bei der Attacke auf die ju\u0308dische Gemeinde in Wuppertal waren in der Nacht zum 29. Juli 2014 Molotowcocktails in Richtung der Synagoge geworfen worden. Das Geb\u00e4ude wurde dabei nicht besch\u00e4digt. Laut Polizei waren drei m\u00e4nnliche Tatverd\u00e4chtige am Tatort gesehen worden.<br>Im Prozess um den Brandanschlag haben die drei Angeklagten die Vorwu\u0308rfe gestanden. Man habe mit der Tat auf die israelische Milit\u00e4roffensive im Gazastreifen aufmerksam machen und ein Zeichen setzen wollen, erkl\u00e4rten die Verteidiger der drei 18, 24 und 29 Jahre alten M\u00e4nner zum Prozessauftakt am Amtsgericht Wuppertal. Man habe jedoch niemanden verletzen wollen.<\/p>\n\n\n\n<p><strong>b) Berlin: Sch\u00e4ndung von Stolpersteinen<\/strong><\/p>\n\n\n\n<p>Im Stadtteil Friedenau wurden mehrere Stolpersteine mit Farbe unkenntlich gemacht. Zudem erhielt eine Bu\u0308rgerin, die sich fu\u0308r die Verlegung von Stolpersteinen engagiert und in Schulen, Kirchen und der \u00d6ffentlichkeit die Erinnerung an die T\u00e4ter\/-innen und Opfer des Nationalsozialismus am Leben erh\u00e4lt, mehrere antisemitische Drohanrufe. Schlie\u00dflich wurde ihre Wohnungstu\u0308r in einem Berliner Altbau mit den Worten &#8222;Vorsicht Juden-Freundin&#8220; beschmiert und ihr Briefkasten zerst\u00f6rt. Die T\u00e4ter\/-innen konnten bisher nicht ermittelt werden.<\/p>\n\n\n\n<p><strong>c) Hamburg: Der Volksverhetzer im Nobelviertel<\/strong><\/p>\n\n\n\n<p>&#8222;Ich war Samstagnacht mit einer kleinen Gruppe von Leuten in P\u00f6seldorf, im feinsten Viertel Hamburgs, unterwegs. Ich bin u\u0308ber das Geschehen dort so entsetzt, dass ich es teilen will. Mir hat ein Typ ins Gesicht gesagt, dass Juden in die Gaskammer sollen. Als ich ihm sagte, dass ich Ju\u0308din bin und also er mich ermorden will, meinte er: \u201aIn dem Fall: Ja!\u2018<br>In diesem Augenblick war ich einfach nur geschockt und unendlich wu\u0308tend. Er wollte mir Angst einjagen. Ich sollte die Flucht ergreifen und das Lokal verlassen. Das fand ich unertr\u00e4glich. Ich wollte auf jeden Fall bleiben und zusehen, dass er gehen muss! Das Schwierige war, dass die Umstehenden, die den Inhalt der Auseinandersetzung wegen der Lautst\u00e4rke im Lokal zun\u00e4chst nicht mitbekommen hatten, vor allem den Impuls hatten, den Streit zu schlichten. Nach dem Motto: Hey, es lohnt sich nicht, sich u\u0308ber so jemanden aufzuregen.<br>Nur einer meiner Freunde hatte die Aussagen von Beginn an mitbekommen. Und er war sehr hartn\u00e4ckig im Versuch, den Rassisten zu vertreiben. Und damit waren wir zu zweit. W\u00e4re der Volksverhetzer ein Skinhead gewesen, w\u00e4re das Feind-Freund-Schema fu\u0308r alle in der Kneipe schneller klar gewesen. So haben sich einfach drei zivilisiert erscheinende Leute gegenseitig angeschrien. Ich war auch so wu\u0308tend, weil dieser Volksverhetzer fein angezogen war \u2013 und er sprach mit der Arroganz von \u201aIch-verk\u00f6rpere-die-Mehrheitsmeinung\u2018.&#8220;<\/p>\n\n\n\n<p><strong>d) Bonn: Kippa vom Kopf gerissen und in den Schwitzkasten genommen<\/strong><\/p>\n\n\n\n<p>In einer linksalternativen Kneipe in Bonn wurde ein Jude angegriffen. Als er bestellte, nahm ihn jemand von der Bar in den Schwitzkasten und riss ihm die Kippa vom Kopf. Darauf angesprochen, was das sollte, meinte er: &#8222;Ich h\u00e4tte auch einer Muslima ihr Kopftuch abgerissen, das ist eine religionsfreie Zone!&#8220; Der Besitzer stimmte zu und unterstu\u0308tzte den Angreifer. Daraufhin verlie\u00df der Angegriffene die Kneipe. Aus Solidarit\u00e4t mit dem Opfer verlie\u00dfen circa 15 andere G\u00e4ste ebenfalls das Lokal.<\/p>\n\n\n\n<p><strong>e) Kommentare auf Facebook zur Bild-kampagne &#8222;Nie wieder Judenhass&#8220;<\/strong><\/p>\n\n\n\n<figure class=\"wp-block-image size-large\"><img loading=\"lazy\" width=\"849\" height=\"176\" src=\"https:\/\/hatikva.de\/schlussstrich\/wp-content\/uploads\/2020\/09\/bodensatz_01.jpg\" alt=\"\" class=\"wp-image-461\" srcset=\"https:\/\/hatikva.de\/schlussstrich\/wp-content\/uploads\/2020\/09\/bodensatz_01.jpg 849w, https:\/\/hatikva.de\/schlussstrich\/wp-content\/uploads\/2020\/09\/bodensatz_01-300x62.jpg 300w, https:\/\/hatikva.de\/schlussstrich\/wp-content\/uploads\/2020\/09\/bodensatz_01-768x159.jpg 768w\" sizes=\"(max-width: 849px) 100vw, 849px\" \/><\/figure>\n\n\n\n<figure class=\"wp-block-image size-large\"><img loading=\"lazy\" width=\"850\" height=\"232\" src=\"https:\/\/hatikva.de\/schlussstrich\/wp-content\/uploads\/2020\/09\/bodensatz_02.jpg\" alt=\"\" class=\"wp-image-462\" srcset=\"https:\/\/hatikva.de\/schlussstrich\/wp-content\/uploads\/2020\/09\/bodensatz_02.jpg 850w, https:\/\/hatikva.de\/schlussstrich\/wp-content\/uploads\/2020\/09\/bodensatz_02-300x82.jpg 300w, https:\/\/hatikva.de\/schlussstrich\/wp-content\/uploads\/2020\/09\/bodensatz_02-768x210.jpg 768w\" sizes=\"(max-width: 850px) 100vw, 850px\" \/><\/figure>\n\n\n\n<figure class=\"wp-block-image size-large\"><img loading=\"lazy\" width=\"848\" height=\"128\" src=\"https:\/\/hatikva.de\/schlussstrich\/wp-content\/uploads\/2020\/09\/bodensatz_03.jpg\" alt=\"\" class=\"wp-image-463\" srcset=\"https:\/\/hatikva.de\/schlussstrich\/wp-content\/uploads\/2020\/09\/bodensatz_03.jpg 848w, https:\/\/hatikva.de\/schlussstrich\/wp-content\/uploads\/2020\/09\/bodensatz_03-300x45.jpg 300w, https:\/\/hatikva.de\/schlussstrich\/wp-content\/uploads\/2020\/09\/bodensatz_03-768x116.jpg 768w\" sizes=\"(max-width: 848px) 100vw, 848px\" \/><\/figure>\n\n\n\n<figure class=\"wp-block-image size-large\"><img loading=\"lazy\" width=\"850\" height=\"151\" src=\"https:\/\/hatikva.de\/schlussstrich\/wp-content\/uploads\/2020\/09\/bodensatz_04.jpg\" alt=\"\" class=\"wp-image-464\" srcset=\"https:\/\/hatikva.de\/schlussstrich\/wp-content\/uploads\/2020\/09\/bodensatz_04.jpg 850w, https:\/\/hatikva.de\/schlussstrich\/wp-content\/uploads\/2020\/09\/bodensatz_04-300x53.jpg 300w, https:\/\/hatikva.de\/schlussstrich\/wp-content\/uploads\/2020\/09\/bodensatz_04-768x136.jpg 768w\" sizes=\"(max-width: 850px) 100vw, 850px\" \/><\/figure>\n\n\n\n<figure class=\"wp-block-image size-large\"><img loading=\"lazy\" width=\"852\" height=\"121\" src=\"https:\/\/hatikva.de\/schlussstrich\/wp-content\/uploads\/2020\/09\/bodensatz_05.jpg\" alt=\"\" class=\"wp-image-465\" srcset=\"https:\/\/hatikva.de\/schlussstrich\/wp-content\/uploads\/2020\/09\/bodensatz_05.jpg 852w, https:\/\/hatikva.de\/schlussstrich\/wp-content\/uploads\/2020\/09\/bodensatz_05-300x43.jpg 300w, https:\/\/hatikva.de\/schlussstrich\/wp-content\/uploads\/2020\/09\/bodensatz_05-768x109.jpg 768w\" sizes=\"(max-width: 852px) 100vw, 852px\" \/><\/figure>\n\n\n\n<figure class=\"wp-block-image size-large\"><img loading=\"lazy\" width=\"849\" height=\"145\" src=\"https:\/\/hatikva.de\/schlussstrich\/wp-content\/uploads\/2020\/09\/bodensatz_06.jpg\" alt=\"\" class=\"wp-image-466\" srcset=\"https:\/\/hatikva.de\/schlussstrich\/wp-content\/uploads\/2020\/09\/bodensatz_06.jpg 849w, https:\/\/hatikva.de\/schlussstrich\/wp-content\/uploads\/2020\/09\/bodensatz_06-300x51.jpg 300w, https:\/\/hatikva.de\/schlussstrich\/wp-content\/uploads\/2020\/09\/bodensatz_06-768x131.jpg 768w\" sizes=\"(max-width: 849px) 100vw, 849px\" \/><\/figure>\n\n\n\n<figure class=\"wp-block-image size-large\"><img loading=\"lazy\" width=\"849\" height=\"156\" src=\"https:\/\/hatikva.de\/schlussstrich\/wp-content\/uploads\/2020\/09\/bodensatz_07.jpg\" alt=\"\" class=\"wp-image-467\" srcset=\"https:\/\/hatikva.de\/schlussstrich\/wp-content\/uploads\/2020\/09\/bodensatz_07.jpg 849w, https:\/\/hatikva.de\/schlussstrich\/wp-content\/uploads\/2020\/09\/bodensatz_07-300x55.jpg 300w, https:\/\/hatikva.de\/schlussstrich\/wp-content\/uploads\/2020\/09\/bodensatz_07-768x141.jpg 768w\" sizes=\"(max-width: 849px) 100vw, 849px\" \/><\/figure>\n\n\n\n<figure class=\"wp-block-image size-large\"><img loading=\"lazy\" width=\"849\" height=\"222\" src=\"https:\/\/hatikva.de\/schlussstrich\/wp-content\/uploads\/2020\/09\/bodensatz_08.jpg\" alt=\"\" class=\"wp-image-468\" srcset=\"https:\/\/hatikva.de\/schlussstrich\/wp-content\/uploads\/2020\/09\/bodensatz_08.jpg 849w, https:\/\/hatikva.de\/schlussstrich\/wp-content\/uploads\/2020\/09\/bodensatz_08-300x78.jpg 300w, https:\/\/hatikva.de\/schlussstrich\/wp-content\/uploads\/2020\/09\/bodensatz_08-768x201.jpg 768w\" sizes=\"(max-width: 849px) 100vw, 849px\" \/><\/figure>\n\n\n\n<figure class=\"wp-block-image size-large\"><img loading=\"lazy\" width=\"849\" height=\"121\" src=\"https:\/\/hatikva.de\/schlussstrich\/wp-content\/uploads\/2020\/09\/bodensatz_09-1.jpg\" alt=\"\" class=\"wp-image-489\" srcset=\"https:\/\/hatikva.de\/schlussstrich\/wp-content\/uploads\/2020\/09\/bodensatz_09-1.jpg 849w, https:\/\/hatikva.de\/schlussstrich\/wp-content\/uploads\/2020\/09\/bodensatz_09-1-300x43.jpg 300w, https:\/\/hatikva.de\/schlussstrich\/wp-content\/uploads\/2020\/09\/bodensatz_09-1-768x109.jpg 768w\" sizes=\"(max-width: 849px) 100vw, 849px\" \/><\/figure>\n\n\n\n<figure class=\"wp-block-image size-large\"><img loading=\"lazy\" width=\"851\" height=\"211\" src=\"https:\/\/hatikva.de\/schlussstrich\/wp-content\/uploads\/2020\/09\/bodensatz_10.jpg\" alt=\"\" class=\"wp-image-470\" srcset=\"https:\/\/hatikva.de\/schlussstrich\/wp-content\/uploads\/2020\/09\/bodensatz_10.jpg 851w, https:\/\/hatikva.de\/schlussstrich\/wp-content\/uploads\/2020\/09\/bodensatz_10-300x74.jpg 300w, https:\/\/hatikva.de\/schlussstrich\/wp-content\/uploads\/2020\/09\/bodensatz_10-768x190.jpg 768w\" sizes=\"(max-width: 851px) 100vw, 851px\" \/><\/figure>\n\n\n\n<figure class=\"wp-block-image size-large\"><img loading=\"lazy\" width=\"850\" height=\"131\" src=\"https:\/\/hatikva.de\/schlussstrich\/wp-content\/uploads\/2020\/09\/bodensatz_11.jpg\" alt=\"\" class=\"wp-image-471\" srcset=\"https:\/\/hatikva.de\/schlussstrich\/wp-content\/uploads\/2020\/09\/bodensatz_11.jpg 850w, https:\/\/hatikva.de\/schlussstrich\/wp-content\/uploads\/2020\/09\/bodensatz_11-300x46.jpg 300w, https:\/\/hatikva.de\/schlussstrich\/wp-content\/uploads\/2020\/09\/bodensatz_11-768x118.jpg 768w\" sizes=\"(max-width: 850px) 100vw, 850px\" \/><\/figure>\n\n\n\n<figure class=\"wp-block-image size-large\"><img loading=\"lazy\" width=\"786\" height=\"101\" src=\"https:\/\/hatikva.de\/schlussstrich\/wp-content\/uploads\/2020\/09\/bodensatz_12.jpg\" alt=\"\" class=\"wp-image-472\" srcset=\"https:\/\/hatikva.de\/schlussstrich\/wp-content\/uploads\/2020\/09\/bodensatz_12.jpg 786w, https:\/\/hatikva.de\/schlussstrich\/wp-content\/uploads\/2020\/09\/bodensatz_12-300x39.jpg 300w, https:\/\/hatikva.de\/schlussstrich\/wp-content\/uploads\/2020\/09\/bodensatz_12-768x99.jpg 768w\" sizes=\"(max-width: 786px) 100vw, 786px\" \/><\/figure>\n","protected":false},"excerpt":{"rendered":"<p>Die Allt\u00e4glichkeit des Antisemitismus &#8222;Nicht die Erfahrung schafft den Begriff des Juden, sondern das Vorurteilf\u00e4lscht die Erfahrung. Wenn es keinen Juden g\u00e4be, der Antisemit wu\u0308rdeihn erfinden.&#8220; Jean-Paul Sartre, 1973 Fachliche Einfu\u0308hrung Antisemitismus richtet sich gegen ju\u0308dische und nichtju\u0308dische Individuen, Institutionen und bestehende sowie konstruierte Gruppen. Dabei geht Antisemitismus mit rein fiktiven Stereotypen, Fremdzuschreibungen und Gruppenkonstruktionen [&hellip;]<\/p>\n","protected":false},"author":2,"featured_media":0,"parent":630,"menu_order":2,"comment_status":"closed","ping_status":"closed","template":"","meta":[],"_links":{"self":[{"href":"https:\/\/hatikva.de\/schlussstrich\/wp-json\/wp\/v2\/pages\/474"}],"collection":[{"href":"https:\/\/hatikva.de\/schlussstrich\/wp-json\/wp\/v2\/pages"}],"about":[{"href":"https:\/\/hatikva.de\/schlussstrich\/wp-json\/wp\/v2\/types\/page"}],"author":[{"embeddable":true,"href":"https:\/\/hatikva.de\/schlussstrich\/wp-json\/wp\/v2\/users\/2"}],"replies":[{"embeddable":true,"href":"https:\/\/hatikva.de\/schlussstrich\/wp-json\/wp\/v2\/comments?post=474"}],"version-history":[{"count":9,"href":"https:\/\/hatikva.de\/schlussstrich\/wp-json\/wp\/v2\/pages\/474\/revisions"}],"predecessor-version":[{"id":491,"href":"https:\/\/hatikva.de\/schlussstrich\/wp-json\/wp\/v2\/pages\/474\/revisions\/491"}],"up":[{"embeddable":true,"href":"https:\/\/hatikva.de\/schlussstrich\/wp-json\/wp\/v2\/pages\/630"}],"wp:attachment":[{"href":"https:\/\/hatikva.de\/schlussstrich\/wp-json\/wp\/v2\/media?parent=474"}],"curies":[{"name":"wp","href":"https:\/\/api.w.org\/{rel}","templated":true}]}}